{"id":232,"date":"2025-01-16T13:01:24","date_gmt":"2025-01-16T12:01:24","guid":{"rendered":"https:\/\/www.brychta-figurky.cz\/?page_id=232"},"modified":"2025-02-02T18:41:01","modified_gmt":"2025-02-02T17:41:01","slug":"kontakt","status":"publish","type":"page","link":"https:\/\/www.brychta-figurky.cz\/index.php\/kontakt\/","title":{"rendered":""},"content":{"rendered":"\t\t<div data-elementor-type=\"wp-page\" data-elementor-id=\"232\" class=\"elementor elementor-232\">\n\t\t\t\t<div class=\"elementor-element elementor-element-da01dba e-flex e-con-boxed e-con e-parent\" data-id=\"da01dba\" data-element_type=\"container\">\n\t\t\t\t\t<div class=\"e-con-inner\">\n\t\t\t\t<div class=\"elementor-element elementor-element-36cfd07 elementor-widget elementor-widget-text-editor\" data-id=\"36cfd07\" data-element_type=\"widget\" data-widget_type=\"text-editor.default\">\n\t\t\t\t<div class=\"elementor-widget-container\">\n\t\t\t\t\t\t\t\t\t<p>\u00a0\u00a0\u00a0\u00a0\u00a0\u00a0\u00a0\u00a0\u00a0\u00a0\u00a0\u00a0\u00a0\u00a0\u00a0\u00a0 Ale\u0161 Volf Lovosice. \u00a0 \u00a0\u00a0\u00a0\u00a0\u00a0\u00a0 ales-volf@centrum.cz<\/p>\t\t\t\t\t\t\t\t<\/div>\n\t\t\t\t<\/div>\n\t\t\t\t\t<\/div>\n\t\t\t\t<\/div>\n\t\t<div class=\"elementor-element elementor-element-a4da17d e-flex e-con-boxed e-con e-parent\" data-id=\"a4da17d\" data-element_type=\"container\">\n\t\t\t\t\t<div class=\"e-con-inner\">\n\t\t\t\t<div class=\"elementor-element elementor-element-85fd912 elementor-shape-rounded elementor-grid-0 e-grid-align-center elementor-widget elementor-widget-social-icons\" data-id=\"85fd912\" data-element_type=\"widget\" data-widget_type=\"social-icons.default\">\n\t\t\t\t<div class=\"elementor-widget-container\">\n\t\t\t\t\t\t\t<div class=\"elementor-social-icons-wrapper elementor-grid\" role=\"list\">\n\t\t\t\t\t\t\t<span class=\"elementor-grid-item\" role=\"listitem\">\n\t\t\t\t\t<a class=\"elementor-icon elementor-social-icon elementor-social-icon-facebook elementor-repeater-item-fbc225a\" target=\"_blank\">\n\t\t\t\t\t\t<span class=\"elementor-screen-only\">Facebook<\/span>\n\t\t\t\t\t\t<svg aria-hidden=\"true\" class=\"e-font-icon-svg e-fab-facebook\" viewBox=\"0 0 512 512\" xmlns=\"http:\/\/www.w3.org\/2000\/svg\"><path d=\"M504 256C504 119 393 8 256 8S8 119 8 256c0 123.78 90.69 226.38 209.25 245V327.69h-63V256h63v-54.64c0-62.15 37-96.48 93.67-96.48 27.14 0 55.52 4.84 55.52 4.84v61h-31.28c-30.8 0-40.41 19.12-40.41 38.73V256h68.78l-11 71.69h-57.78V501C413.31 482.38 504 379.78 504 256z\"><\/path><\/svg>\t\t\t\t\t<\/a>\n\t\t\t\t<\/span>\n\t\t\t\t\t\t\t<span class=\"elementor-grid-item\" role=\"listitem\">\n\t\t\t\t\t<a class=\"elementor-icon elementor-social-icon elementor-social-icon-youtube elementor-repeater-item-c0b6069\" target=\"_blank\">\n\t\t\t\t\t\t<span class=\"elementor-screen-only\">Youtube<\/span>\n\t\t\t\t\t\t<svg aria-hidden=\"true\" class=\"e-font-icon-svg e-fab-youtube\" viewBox=\"0 0 576 512\" xmlns=\"http:\/\/www.w3.org\/2000\/svg\"><path d=\"M549.655 124.083c-6.281-23.65-24.787-42.276-48.284-48.597C458.781 64 288 64 288 64S117.22 64 74.629 75.486c-23.497 6.322-42.003 24.947-48.284 48.597-11.412 42.867-11.412 132.305-11.412 132.305s0 89.438 11.412 132.305c6.281 23.65 24.787 41.5 48.284 47.821C117.22 448 288 448 288 448s170.78 0 213.371-11.486c23.497-6.321 42.003-24.171 48.284-47.821 11.412-42.867 11.412-132.305 11.412-132.305s0-89.438-11.412-132.305zm-317.51 213.508V175.185l142.739 81.205-142.739 81.201z\"><\/path><\/svg>\t\t\t\t\t<\/a>\n\t\t\t\t<\/span>\n\t\t\t\t\t\t\t<span class=\"elementor-grid-item\" role=\"listitem\">\n\t\t\t\t\t<a class=\"elementor-icon elementor-social-icon elementor-social-icon-instagram elementor-repeater-item-448241a\" target=\"_blank\">\n\t\t\t\t\t\t<span class=\"elementor-screen-only\">Instagram<\/span>\n\t\t\t\t\t\t<svg aria-hidden=\"true\" class=\"e-font-icon-svg e-fab-instagram\" viewBox=\"0 0 448 512\" xmlns=\"http:\/\/www.w3.org\/2000\/svg\"><path d=\"M224.1 141c-63.6 0-114.9 51.3-114.9 114.9s51.3 114.9 114.9 114.9S339 319.5 339 255.9 287.7 141 224.1 141zm0 189.6c-41.1 0-74.7-33.5-74.7-74.7s33.5-74.7 74.7-74.7 74.7 33.5 74.7 74.7-33.6 74.7-74.7 74.7zm146.4-194.3c0 14.9-12 26.8-26.8 26.8-14.9 0-26.8-12-26.8-26.8s12-26.8 26.8-26.8 26.8 12 26.8 26.8zm76.1 27.2c-1.7-35.9-9.9-67.7-36.2-93.9-26.2-26.2-58-34.4-93.9-36.2-37-2.1-147.9-2.1-184.9 0-35.8 1.7-67.6 9.9-93.9 36.1s-34.4 58-36.2 93.9c-2.1 37-2.1 147.9 0 184.9 1.7 35.9 9.9 67.7 36.2 93.9s58 34.4 93.9 36.2c37 2.1 147.9 2.1 184.9 0 35.9-1.7 67.7-9.9 93.9-36.2 26.2-26.2 34.4-58 36.2-93.9 2.1-37 2.1-147.8 0-184.8zM398.8 388c-7.8 19.6-22.9 34.7-42.6 42.6-29.5 11.7-99.5 9-132.1 9s-102.7 2.6-132.1-9c-19.6-7.8-34.7-22.9-42.6-42.6-11.7-29.5-9-99.5-9-132.1s-2.6-102.7 9-132.1c7.8-19.6 22.9-34.7 42.6-42.6 29.5-11.7 99.5-9 132.1-9s102.7-2.6 132.1 9c19.6 7.8 34.7 22.9 42.6 42.6 11.7 29.5 9 99.5 9 132.1s2.7 102.7-9 132.1z\"><\/path><\/svg>\t\t\t\t\t<\/a>\n\t\t\t\t<\/span>\n\t\t\t\t\t<\/div>\n\t\t\t\t\t\t<\/div>\n\t\t\t\t<\/div>\n\t\t\t\t\t<\/div>\n\t\t\t\t<\/div>\n\t\t\t\t<\/div>\n\t\t","protected":false},"excerpt":{"rendered":"<p>\u00a0\u00a0\u00a0\u00a0\u00a0\u00a0\u00a0\u00a0\u00a0\u00a0\u00a0\u00a0\u00a0\u00a0\u00a0\u00a0 Ale\u0161 Volf Lovosice. \u00a0 \u00a0\u00a0\u00a0\u00a0\u00a0\u00a0 ales-volf@centrum.cz Facebook Youtube Instagram<\/p>\n","protected":false},"author":1,"featured_media":0,"parent":0,"menu_order":0,"comment_status":"closed","ping_status":"closed","template":"","meta":{"footnotes":""},"class_list":["post-232","page","type-page","status-publish","hentry"],"yoast_head":"<!-- This site is optimized with the Yoast SEO plugin v26.2 - https:\/\/yoast.com\/wordpress\/plugins\/seo\/ -->\n<title>- Jaroslav Brychta, sklen\u011bn\u00e9 figurky<\/title>\n<meta name=\"robots\" content=\"index, follow, max-snippet:-1, max-image-preview:large, max-video-preview:-1\" \/>\n<link rel=\"canonical\" href=\"https:\/\/www.brychta-figurky.cz\/index.php\/kontakt\/\" \/>\n<meta property=\"og:locale\" content=\"cs_CZ\" \/>\n<meta property=\"og:type\" content=\"article\" \/>\n<meta property=\"og:title\" content=\"- Jaroslav Brychta, sklen\u011bn\u00e9 figurky\" \/>\n<meta property=\"og:description\" content=\"\u00a0\u00a0\u00a0\u00a0\u00a0\u00a0\u00a0\u00a0\u00a0\u00a0\u00a0\u00a0\u00a0\u00a0\u00a0\u00a0 Ale\u0161 Volf Lovosice. \u00a0 \u00a0\u00a0\u00a0\u00a0\u00a0\u00a0 ales-volf@centrum.cz Facebook Youtube Instagram\" \/>\n<meta property=\"og:url\" content=\"https:\/\/www.brychta-figurky.cz\/index.php\/kontakt\/\" \/>\n<meta property=\"og:site_name\" content=\"Jaroslav Brychta, sklen\u011bn\u00e9 figurky\" \/>\n<meta property=\"article:modified_time\" content=\"2025-02-02T17:41:01+00:00\" \/>\n<meta property=\"og:image\" content=\"https:\/\/www.brychta-figurky.cz\/wp-content\/uploads\/2025\/01\/P1280735-scaled.jpg\" \/>\n\t<meta property=\"og:image:width\" content=\"2560\" \/>\n\t<meta property=\"og:image:height\" content=\"1445\" \/>\n\t<meta property=\"og:image:type\" content=\"image\/jpeg\" \/>\n<meta name=\"twitter:card\" content=\"summary_large_image\" \/>\n<meta name=\"twitter:label1\" content=\"Odhadovan\u00e1 doba \u010dten\u00ed\" \/>\n\t<meta name=\"twitter:data1\" content=\"1 minuta\" \/>\n<script type=\"application\/ld+json\" class=\"yoast-schema-graph\">{\"@context\":\"https:\/\/schema.org\",\"@graph\":[{\"@type\":\"WebPage\",\"@id\":\"https:\/\/www.brychta-figurky.cz\/index.php\/kontakt\/\",\"url\":\"https:\/\/www.brychta-figurky.cz\/index.php\/kontakt\/\",\"name\":\"- Jaroslav Brychta, sklen\u011bn\u00e9 figurky\",\"isPartOf\":{\"@id\":\"https:\/\/www.brychta-figurky.cz\/#website\"},\"datePublished\":\"2025-01-16T12:01:24+00:00\",\"dateModified\":\"2025-02-02T17:41:01+00:00\",\"inLanguage\":\"cs\",\"potentialAction\":[{\"@type\":\"ReadAction\",\"target\":[\"https:\/\/www.brychta-figurky.cz\/index.php\/kontakt\/\"]}]},{\"@type\":\"WebSite\",\"@id\":\"https:\/\/www.brychta-figurky.cz\/#website\",\"url\":\"https:\/\/www.brychta-figurky.cz\/\",\"name\":\"Jaroslav Brychta sklen\u011bn\u00e9 figurky\",\"description\":\"Jaroslav Brychta, sklen\u011bn\u00e9 figurky\",\"publisher\":{\"@id\":\"https:\/\/www.brychta-figurky.cz\/#\/schema\/person\/b05b0d702c6b230b84e40bb33f4a6745\"},\"alternateName\":\"Jaroslav Brychta, sklen\u011bn\u00e9 figurky\",\"potentialAction\":[{\"@type\":\"SearchAction\",\"target\":{\"@type\":\"EntryPoint\",\"urlTemplate\":\"https:\/\/www.brychta-figurky.cz\/?s={search_term_string}\"},\"query-input\":{\"@type\":\"PropertyValueSpecification\",\"valueRequired\":true,\"valueName\":\"search_term_string\"}}],\"inLanguage\":\"cs\"},{\"@type\":[\"Person\",\"Organization\"],\"@id\":\"https:\/\/www.brychta-figurky.cz\/#\/schema\/person\/b05b0d702c6b230b84e40bb33f4a6745\",\"name\":\"ameriko\",\"image\":{\"@type\":\"ImageObject\",\"inLanguage\":\"cs\",\"@id\":\"https:\/\/www.brychta-figurky.cz\/#\/schema\/person\/image\/\",\"url\":\"https:\/\/www.brychta-figurky.cz\/wp-content\/uploads\/2024\/12\/IMG_2916-ve-velke-velikosti-1.jpeg\",\"contentUrl\":\"https:\/\/www.brychta-figurky.cz\/wp-content\/uploads\/2024\/12\/IMG_2916-ve-velke-velikosti-1.jpeg\",\"width\":1280,\"height\":960,\"caption\":\"ameriko\"},\"logo\":{\"@id\":\"https:\/\/www.brychta-figurky.cz\/#\/schema\/person\/image\/\"},\"sameAs\":[\"https:\/\/www.brychta-figurky.cz\"]}]}<\/script>\n<!-- \/ Yoast SEO plugin. -->","yoast_head_json":{"title":"- Jaroslav Brychta, sklen\u011bn\u00e9 figurky","robots":{"index":"index","follow":"follow","max-snippet":"max-snippet:-1","max-image-preview":"max-image-preview:large","max-video-preview":"max-video-preview:-1"},"canonical":"https:\/\/www.brychta-figurky.cz\/index.php\/kontakt\/","og_locale":"cs_CZ","og_type":"article","og_title":"- Jaroslav Brychta, sklen\u011bn\u00e9 figurky","og_description":"\u00a0\u00a0\u00a0\u00a0\u00a0\u00a0\u00a0\u00a0\u00a0\u00a0\u00a0\u00a0\u00a0\u00a0\u00a0\u00a0 Ale\u0161 Volf Lovosice. \u00a0 \u00a0\u00a0\u00a0\u00a0\u00a0\u00a0 ales-volf@centrum.cz Facebook Youtube Instagram","og_url":"https:\/\/www.brychta-figurky.cz\/index.php\/kontakt\/","og_site_name":"Jaroslav Brychta, sklen\u011bn\u00e9 figurky","article_modified_time":"2025-02-02T17:41:01+00:00","og_image":[{"width":2560,"height":1445,"url":"https:\/\/www.brychta-figurky.cz\/wp-content\/uploads\/2025\/01\/P1280735-scaled.jpg","type":"image\/jpeg"}],"twitter_card":"summary_large_image","twitter_misc":{"Odhadovan\u00e1 doba \u010dten\u00ed":"1 minuta"},"schema":{"@context":"https:\/\/schema.org","@graph":[{"@type":"WebPage","@id":"https:\/\/www.brychta-figurky.cz\/index.php\/kontakt\/","url":"https:\/\/www.brychta-figurky.cz\/index.php\/kontakt\/","name":"- Jaroslav Brychta, sklen\u011bn\u00e9 figurky","isPartOf":{"@id":"https:\/\/www.brychta-figurky.cz\/#website"},"datePublished":"2025-01-16T12:01:24+00:00","dateModified":"2025-02-02T17:41:01+00:00","inLanguage":"cs","potentialAction":[{"@type":"ReadAction","target":["https:\/\/www.brychta-figurky.cz\/index.php\/kontakt\/"]}]},{"@type":"WebSite","@id":"https:\/\/www.brychta-figurky.cz\/#website","url":"https:\/\/www.brychta-figurky.cz\/","name":"Jaroslav Brychta sklen\u011bn\u00e9 figurky","description":"Jaroslav Brychta, sklen\u011bn\u00e9 figurky","publisher":{"@id":"https:\/\/www.brychta-figurky.cz\/#\/schema\/person\/b05b0d702c6b230b84e40bb33f4a6745"},"alternateName":"Jaroslav Brychta, sklen\u011bn\u00e9 figurky","potentialAction":[{"@type":"SearchAction","target":{"@type":"EntryPoint","urlTemplate":"https:\/\/www.brychta-figurky.cz\/?s={search_term_string}"},"query-input":{"@type":"PropertyValueSpecification","valueRequired":true,"valueName":"search_term_string"}}],"inLanguage":"cs"},{"@type":["Person","Organization"],"@id":"https:\/\/www.brychta-figurky.cz\/#\/schema\/person\/b05b0d702c6b230b84e40bb33f4a6745","name":"ameriko","image":{"@type":"ImageObject","inLanguage":"cs","@id":"https:\/\/www.brychta-figurky.cz\/#\/schema\/person\/image\/","url":"https:\/\/www.brychta-figurky.cz\/wp-content\/uploads\/2024\/12\/IMG_2916-ve-velke-velikosti-1.jpeg","contentUrl":"https:\/\/www.brychta-figurky.cz\/wp-content\/uploads\/2024\/12\/IMG_2916-ve-velke-velikosti-1.jpeg","width":1280,"height":960,"caption":"ameriko"},"logo":{"@id":"https:\/\/www.brychta-figurky.cz\/#\/schema\/person\/image\/"},"sameAs":["https:\/\/www.brychta-figurky.cz"]}]}},"_links":{"self":[{"href":"https:\/\/www.brychta-figurky.cz\/index.php\/wp-json\/wp\/v2\/pages\/232","targetHints":{"allow":["GET"]}}],"collection":[{"href":"https:\/\/www.brychta-figurky.cz\/index.php\/wp-json\/wp\/v2\/pages"}],"about":[{"href":"https:\/\/www.brychta-figurky.cz\/index.php\/wp-json\/wp\/v2\/types\/page"}],"author":[{"embeddable":true,"href":"https:\/\/www.brychta-figurky.cz\/index.php\/wp-json\/wp\/v2\/users\/1"}],"replies":[{"embeddable":true,"href":"https:\/\/www.brychta-figurky.cz\/index.php\/wp-json\/wp\/v2\/comments?post=232"}],"version-history":[{"count":0,"href":"https:\/\/www.brychta-figurky.cz\/index.php\/wp-json\/wp\/v2\/pages\/232\/revisions"}],"wp:attachment":[{"href":"https:\/\/www.brychta-figurky.cz\/index.php\/wp-json\/wp\/v2\/media?parent=232"}],"curies":[{"name":"wp","href":"https:\/\/api.w.org\/{rel}","templated":true}]}}